{"id":30186,"date":"2023-09-05T14:32:41","date_gmt":"2023-09-05T18:32:41","guid":{"rendered":"https:\/\/ser.cw\/symposium-bevordering-van-een-inclusieve-arbeidsmarkt-in-curacao-verkenning-van-innovatieve-benaderingen\/speakers\/"},"modified":"2023-09-06T18:09:38","modified_gmt":"2023-09-06T22:09:38","slug":"sprekers-panelleden","status":"publish","type":"page","link":"https:\/\/ser.cw\/pap\/simposio-promoshon-di-un-merkado-laboral-inklusivo-na-korsou-eksplorando-aserkamentunan-inovativo\/sprekers-panelleden\/","title":{"rendered":"Orad\u00f3nan"},"content":{"rendered":"<p>[et_pb_section fb_built=&#8221;1&#8243; fullwidth=&#8221;on&#8221; _builder_version=&#8221;4.16&#8243; global_colors_info=&#8221;{}&#8221;][et_pb_fullwidth_slider _builder_version=&#8221;4.22.1&#8243; header_font_size=&#8221;91&#8243; custom_padding=&#8221;|||&#8221; saved_tabs=&#8221;all&#8221; global_colors_info=&#8221;{}&#8221; button_text_size__hover_enabled=&#8221;off&#8221; button_text_size__hover=&#8221;null&#8221; button_one_text_size__hover_enabled=&#8221;off&#8221; button_one_text_size__hover=&#8221;null&#8221; button_two_text_size__hover_enabled=&#8221;off&#8221; button_two_text_size__hover=&#8221;null&#8221; button_text_color__hover_enabled=&#8221;off&#8221; button_text_color__hover=&#8221;null&#8221; button_one_text_color__hover_enabled=&#8221;off&#8221; button_one_text_color__hover=&#8221;null&#8221; button_two_text_color__hover_enabled=&#8221;off&#8221; button_two_text_color__hover=&#8221;null&#8221; button_border_width__hover_enabled=&#8221;off&#8221; button_border_width__hover=&#8221;null&#8221; button_one_border_width__hover_enabled=&#8221;off&#8221; button_one_border_width__hover=&#8221;null&#8221; button_two_border_width__hover_enabled=&#8221;off&#8221; button_two_border_width__hover=&#8221;null&#8221; button_border_color__hover_enabled=&#8221;off&#8221; button_border_color__hover=&#8221;null&#8221; button_one_border_color__hover_enabled=&#8221;off&#8221; button_one_border_color__hover=&#8221;null&#8221; button_two_border_color__hover_enabled=&#8221;off&#8221; button_two_border_color__hover=&#8221;null&#8221; button_border_radius__hover_enabled=&#8221;off&#8221; button_border_radius__hover=&#8221;null&#8221; button_one_border_radius__hover_enabled=&#8221;off&#8221; button_one_border_radius__hover=&#8221;null&#8221; button_two_border_radius__hover_enabled=&#8221;off&#8221; button_two_border_radius__hover=&#8221;null&#8221; button_letter_spacing__hover_enabled=&#8221;on&#8221; button_letter_spacing__hover=&#8221;0&#8243; button_one_letter_spacing__hover_enabled=&#8221;off&#8221; button_one_letter_spacing__hover=&#8221;null&#8221; button_two_letter_spacing__hover_enabled=&#8221;off&#8221; button_two_letter_spacing__hover=&#8221;null&#8221; button_bg_color__hover_enabled=&#8221;off&#8221; button_bg_color__hover=&#8221;null&#8221; button_one_bg_color__hover_enabled=&#8221;off&#8221; button_one_bg_color__hover=&#8221;null&#8221; button_two_bg_color__hover_enabled=&#8221;off&#8221; button_two_bg_color__hover=&#8221;null&#8221;][et_pb_slide use_bg_overlay=&#8221;off&#8221; use_text_overlay=&#8221;off&#8221; admin_title=&#8221;web&#8221; _builder_version=&#8221;4.22.1&#8243; header_font=&#8221;||||&#8221; header_text_align=&#8221;center&#8221; header_font_size=&#8221;50&#8243; body_font=&#8221;||||&#8221; background_color=&#8221;#ffffff&#8221; background_image=&#8221;https:\/\/ser.cw\/wp-content\/uploads\/sites\/280\/2023\/09\/banner.jpeg&#8221; background_enable_image=&#8221;on&#8221; button_on_hover=&#8221;on&#8221; header_font_size_tablet=&#8221;44&#8243; header_font_size_phone=&#8221;44&#8243; global_colors_info=&#8221;{}&#8221; sticky_transition=&#8221;on&#8221;][\/et_pb_slide][\/et_pb_fullwidth_slider][\/et_pb_section][et_pb_section fb_built=&#8221;1&#8243; _builder_version=&#8221;4.16&#8243; background_color=&#8221;rgba(255,255,255,0)&#8221; custom_padding=&#8221;0px|0px|0px|0px&#8221; transparent_background=&#8221;on&#8221; global_colors_info=&#8221;{}&#8221;][et_pb_row column_structure=&#8221;2_3,1_3&#8243; use_custom_gutter=&#8221;on&#8221; gutter_width=&#8221;1&#8243; _builder_version=&#8221;4.16&#8243; global_colors_info=&#8221;{}&#8221;][et_pb_column type=&#8221;2_3&#8243; _builder_version=&#8221;4.16&#8243; custom_padding=&#8221;|||&#8221; global_colors_info=&#8221;{}&#8221; custom_padding__hover=&#8221;|||&#8221;][\/et_pb_column][et_pb_column type=&#8221;1_3&#8243; _builder_version=&#8221;4.16&#8243; custom_padding=&#8221;|||&#8221; global_colors_info=&#8221;{}&#8221; custom_padding__hover=&#8221;|||&#8221;][\/et_pb_column][\/et_pb_row][\/et_pb_section][et_pb_section fb_built=&#8221;1&#8243; _builder_version=&#8221;4.16&#8243; background_color=&#8221;#d1f0ff&#8221; custom_padding=&#8221;0px|0px|0px|0px&#8221; global_colors_info=&#8221;{}&#8221;][et_pb_row column_structure=&#8221;2_3,1_3&#8243; use_custom_gutter=&#8221;on&#8221; gutter_width=&#8221;1&#8243; make_equal=&#8221;on&#8221; _builder_version=&#8221;4.16&#8243; global_colors_info=&#8221;{}&#8221;][et_pb_column type=&#8221;2_3&#8243; _builder_version=&#8221;4.16&#8243; background_color=&#8221;#fcfeff&#8221; custom_padding=&#8221;30px|30px|0px|30px&#8221; global_colors_info=&#8221;{}&#8221; custom_padding__hover=&#8221;|||&#8221;][et_pb_text _builder_version=&#8221;4.22.1&#8243; background_color=&#8221;rgba(33,196,161,0.68)&#8221; height=&#8221;90px&#8221; custom_margin=&#8221;-120px|-30px||-30px|false|false&#8221; custom_padding=&#8221;15px|30px|3px|30px&#8221; hover_enabled=&#8221;0&#8243; global_colors_info=&#8221;{}&#8221; sticky_enabled=&#8221;0&#8243;]<\/p>\n<h1>Promoshon di un Merkado Laboral Inklusivo na K\u00f2rsou: Eksplorando Aserkamentunan Inovativo<\/h1>\n<p>[\/et_pb_text][et_pb_text _builder_version=&#8221;4.22.1&#8243; header_5_text_color=&#8221;#0C71C3&#8243; header_5_font_size=&#8221;20px&#8221; header_5_line_height=&#8221;1.3em&#8221; custom_padding=&#8221;30px||30px|&#8221; hover_enabled=&#8221;0&#8243; global_colors_info=&#8221;{}&#8221; sticky_enabled=&#8221;0&#8243;]<\/p>\n<h2>Orad\u00f3nan<\/h2>\n<h5>Social Economic Council &#8211; Raul Henriquez<\/h5>\n<p>Welcome address<\/p>\n<h5>University of Cura\u00e7ao \u2013 Dr. Francis de Lanoy<\/h5>\n<p>Bridging the gap between education and the labor market<br \/>The role and responsibility of secondary and tertiary educational institutions in capacity building to support inclusive labour markets.<\/p>\n<h5>Human Rights Defense Cura\u00e7ao &#8211; Ieteke \u2018Inchi\u2019 Witteveen<\/h5>\n<p>Inclusion from a local human rights perspective.<\/p>\n<h5>International Labour Organization &#8211; Keynote speaker: John Bliek<\/h5>\n<p>Skills for effective socio-economic integration of migrants<br \/>The positive impact that migrants can have on local economies, with focus on skills and how to develop those skills to become employed or entrepreneur, again from a holistic approach of not only looking at the migrant but also to the host communities and their needs for economic growth and economic diversification.<\/p>\n<h5>United Nations High Commissioner for Refugees &#8211; Melissa Johns<\/h5>\n<p>The benefits of socioeconomic inclusion of refugees and migrants and best practice examples from major host countries across Latin America and the Caribbean.<\/p>\n<h5>Cura\u00e7ao Investment and Export Promotion Agency (CINEX) &#8211; Jeanette Bonet<\/h5>\n<p>Entrepreneurial perspectives on labor market inclusion.<\/p>\n<p>[\/et_pb_text][\/et_pb_column][et_pb_column type=&#8221;1_3&#8243; _builder_version=&#8221;4.16&#8243; background_color=&#8221;#f4fbff&#8221; custom_padding=&#8221;30px|30px|30px|30px&#8221; global_colors_info=&#8221;{}&#8221; custom_padding__hover=&#8221;|||&#8221;][et_pb_sidebar area=&#8221;et_pb_widget_area_7&#8243; disabled_on=&#8221;off|off|off&#8221; _builder_version=&#8221;4.22.1&#8243; saved_tabs=&#8221;all&#8221; locked=&#8221;off&#8221; global_colors_info=&#8221;{}&#8221;][\/et_pb_sidebar][et_pb_text disabled_on=&#8221;on|on|on&#8221; module_class=&#8221;context&#8221; _builder_version=&#8221;4.16&#8243; background_color=&#8221;#d8d8d8&#8243; disabled=&#8221;on&#8221; global_colors_info=&#8221;{}&#8221;]<\/p>\n<h2>Context<\/h2>\n<p>Humanity continues to embark on a period of unparalleled technological advancement. The next 5, 10 and 20 years will present both significant challenges and opportunities. The Fourth Industrial Revolution is bringing technologies that blur the lines between the physical, digital and biological spheres across all sectors. Technologies like artificial intelligence (AI), nanotechnology, quantum computing, synthetic biology and robotics will all drastically supersede any digital progress made in the past 60 years and create realities that we previously thought to be unthinkable. Such profound realities will disrupt and change the business model of each and every industry and the social economic model of each and every country.\u00a0Private sectors, governments, academics, labor unions and entrepreneurs are all seeking the roadmap for navigating these profound changes in the world of work. Such a road map must be created collaboratively by all stakeholders.<\/p>\n<p>[\/et_pb_text][\/et_pb_column][\/et_pb_row][\/et_pb_section][et_pb_section fb_built=&#8221;1&#8243; module_class=&#8221;contact-footer&#8221; _builder_version=&#8221;4.19.4&#8243; _module_preset=&#8221;default&#8221; saved_tabs=&#8221;all&#8221; locked=&#8221;off&#8221; global_colors_info=&#8221;{}&#8221;][et_pb_row column_structure=&#8221;1_3,1_3,1_3&#8243; use_custom_gutter=&#8221;on&#8221; make_equal=&#8221;on&#8221; _builder_version=&#8221;4.16&#8243; background_color=&#8221;#73d2ff&#8221; width_phone=&#8221;50px&#8221; max_width_phone=&#8221;1280px&#8221; custom_margin=&#8221;0px||0px|&#8221; custom_padding=&#8221;0px|0px|0px|0px&#8221; z_index_tablet=&#8221;500&#8243; box_shadow_horizontal_tablet=&#8221;0px&#8221; box_shadow_vertical_tablet=&#8221;0px&#8221; box_shadow_blur_tablet=&#8221;40px&#8221; box_shadow_spread_tablet=&#8221;0px&#8221; global_colors_info=&#8221;{}&#8221;][et_pb_column type=&#8221;1_3&#8243; _builder_version=&#8221;4.16&#8243; custom_padding=&#8221;30px|30px|30px|30px&#8221; global_colors_info=&#8221;{}&#8221; custom_padding__hover=&#8221;|||&#8221;][et_pb_text admin_label=&#8221;Links&#8221; _builder_version=&#8221;4.16&#8243; text_font=&#8221;||||||||&#8221; text_font_size=&#8221;20px&#8221; ul_font=&#8221;||||||||&#8221; header_font=&#8221;||||||||&#8221; border_style=&#8221;solid&#8221; text_text_align=&#8221;left&#8221; global_colors_info=&#8221;{}&#8221;]<\/p>\n<h3 style=\"text-align: left\">Meer informatie<\/h3>\n<ul>\n<li style=\"text-align: left\"><a href=\"https:\/\/ser.cw\/ser-in-het-kort\/wat-doet-de-ser\/\">Wat doet de SER?<\/a><\/li>\n<li style=\"text-align: left\"><a href=\"\/onze-werkwijze\/wettelijke-regelingen\/\">Wettelijke regelingen<\/a><\/li>\n<li style=\"text-align: left\"><a href=\"https:\/\/ser.cw\/documenten\/jaarverslagen\/\">Jaarverslagen<\/a><\/li>\n<\/ul>\n<p>[\/et_pb_text][\/et_pb_column][et_pb_column type=&#8221;1_3&#8243; _builder_version=&#8221;4.16&#8243; custom_padding=&#8221;0px|0px|0px|0px&#8221; global_colors_info=&#8221;{}&#8221; custom_padding__hover=&#8221;|||&#8221;][et_pb_image src=&#8221;https:\/\/ser.cw\/wp-content\/uploads\/sites\/280\/2022\/07\/SER-gebouw-website-3-1.png&#8221; show_bottom_space=&#8221;off&#8221; align=&#8221;right&#8221; align_tablet=&#8221;center&#8221; align_phone=&#8221;&#8221; align_last_edited=&#8221;on|desktop&#8221; _builder_version=&#8221;4.16&#8243; custom_margin=&#8221;0px|0px|0px|0px&#8221; z_index_tablet=&#8221;500&#8243; box_shadow_horizontal_tablet=&#8221;0px&#8221; box_shadow_vertical_tablet=&#8221;0px&#8221; box_shadow_blur_tablet=&#8221;40px&#8221; box_shadow_spread_tablet=&#8221;0px&#8221; global_colors_info=&#8221;{}&#8221;][\/et_pb_image][\/et_pb_column][et_pb_column type=&#8221;1_3&#8243; _builder_version=&#8221;4.16&#8243; custom_padding=&#8221;30px|30px|0px|30px&#8221; global_colors_info=&#8221;{}&#8221; custom_padding__hover=&#8221;|||&#8221;][et_pb_text _builder_version=&#8221;4.16&#8243; text_font=&#8221;||||||||&#8221; global_colors_info=&#8221;{}&#8221;]<\/p>\n<h3>Sociaal Economische Raad<\/h3>\n<p>Ansinghstraat #17<br \/>Curacao<br \/>Tel: +5999 461 5406 \/ 5328<br \/>Email: info@ser.cw<\/p>\n<p>&nbsp;<\/p>\n<p>[\/et_pb_text][\/et_pb_column][\/et_pb_row][\/et_pb_section]<\/p>\n","protected":false},"excerpt":{"rendered":"<p>Promoshon di un Merkado Laboral Inklusivo na K\u00f2rsou: Eksplorando Aserkamentunan InovativoOrad\u00f3nan Social Economic Council &#8211; Raul Henriquez Welcome address University of Cura\u00e7ao \u2013 Dr. Francis de Lanoy Bridging the gap between education and the labor marketThe role and responsibility of secondary and tertiary educational institutions in capacity building to support inclusive labour markets. Human Rights [&hellip;]<\/p>\n","protected":false},"author":215,"featured_media":0,"parent":30037,"menu_order":0,"comment_status":"closed","ping_status":"closed","template":"","meta":{"_et_pb_use_builder":"on","_et_pb_old_content":"","_et_gb_content_width":"","_links_to":"","_links_to_type":0,"footnotes":""},"class_list":["post-30186","page","type-page","status-publish","hentry"],"yoast_head":"<!-- This site is optimized with the Yoast SEO plugin v27.3 - https:\/\/yoast.com\/product\/yoast-seo-wordpress\/ -->\n<title>Orad\u00f3nan - Sociaal Economische Raad Cura\u00e7ao<\/title>\n<meta name=\"robots\" content=\"index, follow, max-snippet:-1, max-image-preview:large, max-video-preview:-1\" \/>\n<link rel=\"canonical\" href=\"https:\/\/ser.cw\/pap\/simposio-promoshon-di-un-merkado-laboral-inklusivo-na-korsou-eksplorando-aserkamentunan-inovativo\/sprekers-panelleden\/\" \/>\n<meta property=\"og:locale\" content=\"en_US\" \/>\n<meta property=\"og:type\" content=\"article\" \/>\n<meta property=\"og:title\" content=\"Orad\u00f3nan - Sociaal Economische Raad Cura\u00e7ao\" \/>\n<meta property=\"og:description\" content=\"Promoshon di un Merkado Laboral Inklusivo na K\u00f2rsou: Eksplorando Aserkamentunan InovativoOrad\u00f3nan Social Economic Council - Raul Henriquez Welcome address University of Cura\u00e7ao \u2013 Dr. Francis de Lanoy Bridging the gap between education and the labor marketThe role and responsibility of secondary and tertiary educational institutions in capacity building to support inclusive labour markets. Human Rights [&hellip;]\" \/>\n<meta property=\"og:url\" content=\"https:\/\/ser.cw\/pap\/simposio-promoshon-di-un-merkado-laboral-inklusivo-na-korsou-eksplorando-aserkamentunan-inovativo\/sprekers-panelleden\/\" \/>\n<meta property=\"og:site_name\" content=\"Sociaal Economische Raad Cura\u00e7ao\" \/>\n<meta property=\"article:modified_time\" content=\"2023-09-06T22:09:38+00:00\" \/>\n<meta property=\"og:image\" content=\"https:\/\/ser.cw\/wp-content\/uploads\/sites\/280\/2018\/01\/SER-logo-web.png\" \/>\n\t<meta property=\"og:image:width\" content=\"300\" \/>\n\t<meta property=\"og:image:height\" content=\"127\" \/>\n\t<meta property=\"og:image:type\" content=\"image\/png\" \/>\n<meta name=\"twitter:card\" content=\"summary_large_image\" \/>\n<meta name=\"twitter:label1\" content=\"Est. reading time\" \/>\n\t<meta name=\"twitter:data1\" content=\"3 minutes\" \/>\n<script type=\"application\/ld+json\" class=\"yoast-schema-graph\">{\"@context\":\"https:\\\/\\\/schema.org\",\"@graph\":[{\"@type\":\"WebPage\",\"@id\":\"https:\\\/\\\/ser.cw\\\/pap\\\/simposio-promoshon-di-un-merkado-laboral-inklusivo-na-korsou-eksplorando-aserkamentunan-inovativo\\\/sprekers-panelleden\\\/\",\"url\":\"https:\\\/\\\/ser.cw\\\/pap\\\/simposio-promoshon-di-un-merkado-laboral-inklusivo-na-korsou-eksplorando-aserkamentunan-inovativo\\\/sprekers-panelleden\\\/\",\"name\":\"Orad\u00f3nan - Sociaal Economische Raad Cura\u00e7ao\",\"isPartOf\":{\"@id\":\"https:\\\/\\\/ser.cw\\\/#website\"},\"datePublished\":\"2023-09-05T18:32:41+00:00\",\"dateModified\":\"2023-09-06T22:09:38+00:00\",\"breadcrumb\":{\"@id\":\"https:\\\/\\\/ser.cw\\\/pap\\\/simposio-promoshon-di-un-merkado-laboral-inklusivo-na-korsou-eksplorando-aserkamentunan-inovativo\\\/sprekers-panelleden\\\/#breadcrumb\"},\"inLanguage\":\"pap-CW\",\"potentialAction\":[{\"@type\":\"ReadAction\",\"target\":[\"https:\\\/\\\/ser.cw\\\/pap\\\/simposio-promoshon-di-un-merkado-laboral-inklusivo-na-korsou-eksplorando-aserkamentunan-inovativo\\\/sprekers-panelleden\\\/\"]}]},{\"@type\":\"BreadcrumbList\",\"@id\":\"https:\\\/\\\/ser.cw\\\/pap\\\/simposio-promoshon-di-un-merkado-laboral-inklusivo-na-korsou-eksplorando-aserkamentunan-inovativo\\\/sprekers-panelleden\\\/#breadcrumb\",\"itemListElement\":[{\"@type\":\"ListItem\",\"position\":1,\"name\":\"Home\",\"item\":\"https:\\\/\\\/ser.cw\\\/pap\\\/\"},{\"@type\":\"ListItem\",\"position\":2,\"name\":\"Simposio: Promoshon di un Merkado Laboral Inklusivo na K\u00f2rsou: Eksplorando Aserkamentunan Inovativo\",\"item\":\"https:\\\/\\\/ser.cw\\\/pap\\\/simposio-promoshon-di-un-merkado-laboral-inklusivo-na-korsou-eksplorando-aserkamentunan-inovativo\\\/\"},{\"@type\":\"ListItem\",\"position\":3,\"name\":\"Orad\u00f3nan\"}]},{\"@type\":\"WebSite\",\"@id\":\"https:\\\/\\\/ser.cw\\\/#website\",\"url\":\"https:\\\/\\\/ser.cw\\\/\",\"name\":\"Sociaal Economische Raad Cura\u00e7ao\",\"description\":\"adviesorgaan van de regering en het parlement van Cura\u00e7ao omtrent alle belangrijke onderwerpen van sociaal-economische aard\",\"potentialAction\":[{\"@type\":\"SearchAction\",\"target\":{\"@type\":\"EntryPoint\",\"urlTemplate\":\"https:\\\/\\\/ser.cw\\\/?s={search_term_string}\"},\"query-input\":{\"@type\":\"PropertyValueSpecification\",\"valueRequired\":true,\"valueName\":\"search_term_string\"}}],\"inLanguage\":\"pap-CW\"}]}<\/script>\n<!-- \/ Yoast SEO plugin. -->","yoast_head_json":{"title":"Orad\u00f3nan - Sociaal Economische Raad Cura\u00e7ao","robots":{"index":"index","follow":"follow","max-snippet":"max-snippet:-1","max-image-preview":"max-image-preview:large","max-video-preview":"max-video-preview:-1"},"canonical":"https:\/\/ser.cw\/pap\/simposio-promoshon-di-un-merkado-laboral-inklusivo-na-korsou-eksplorando-aserkamentunan-inovativo\/sprekers-panelleden\/","og_locale":"en_US","og_type":"article","og_title":"Orad\u00f3nan - Sociaal Economische Raad Cura\u00e7ao","og_description":"Promoshon di un Merkado Laboral Inklusivo na K\u00f2rsou: Eksplorando Aserkamentunan InovativoOrad\u00f3nan Social Economic Council - Raul Henriquez Welcome address University of Cura\u00e7ao \u2013 Dr. Francis de Lanoy Bridging the gap between education and the labor marketThe role and responsibility of secondary and tertiary educational institutions in capacity building to support inclusive labour markets. Human Rights [&hellip;]","og_url":"https:\/\/ser.cw\/pap\/simposio-promoshon-di-un-merkado-laboral-inklusivo-na-korsou-eksplorando-aserkamentunan-inovativo\/sprekers-panelleden\/","og_site_name":"Sociaal Economische Raad Cura\u00e7ao","article_modified_time":"2023-09-06T22:09:38+00:00","og_image":[{"width":300,"height":127,"url":"https:\/\/ser.cw\/wp-content\/uploads\/sites\/280\/2018\/01\/SER-logo-web.png","type":"image\/png"}],"twitter_card":"summary_large_image","twitter_misc":{"Est. reading time":"3 minutes"},"schema":{"@context":"https:\/\/schema.org","@graph":[{"@type":"WebPage","@id":"https:\/\/ser.cw\/pap\/simposio-promoshon-di-un-merkado-laboral-inklusivo-na-korsou-eksplorando-aserkamentunan-inovativo\/sprekers-panelleden\/","url":"https:\/\/ser.cw\/pap\/simposio-promoshon-di-un-merkado-laboral-inklusivo-na-korsou-eksplorando-aserkamentunan-inovativo\/sprekers-panelleden\/","name":"Orad\u00f3nan - Sociaal Economische Raad Cura\u00e7ao","isPartOf":{"@id":"https:\/\/ser.cw\/#website"},"datePublished":"2023-09-05T18:32:41+00:00","dateModified":"2023-09-06T22:09:38+00:00","breadcrumb":{"@id":"https:\/\/ser.cw\/pap\/simposio-promoshon-di-un-merkado-laboral-inklusivo-na-korsou-eksplorando-aserkamentunan-inovativo\/sprekers-panelleden\/#breadcrumb"},"inLanguage":"pap-CW","potentialAction":[{"@type":"ReadAction","target":["https:\/\/ser.cw\/pap\/simposio-promoshon-di-un-merkado-laboral-inklusivo-na-korsou-eksplorando-aserkamentunan-inovativo\/sprekers-panelleden\/"]}]},{"@type":"BreadcrumbList","@id":"https:\/\/ser.cw\/pap\/simposio-promoshon-di-un-merkado-laboral-inklusivo-na-korsou-eksplorando-aserkamentunan-inovativo\/sprekers-panelleden\/#breadcrumb","itemListElement":[{"@type":"ListItem","position":1,"name":"Home","item":"https:\/\/ser.cw\/pap\/"},{"@type":"ListItem","position":2,"name":"Simposio: Promoshon di un Merkado Laboral Inklusivo na K\u00f2rsou: Eksplorando Aserkamentunan Inovativo","item":"https:\/\/ser.cw\/pap\/simposio-promoshon-di-un-merkado-laboral-inklusivo-na-korsou-eksplorando-aserkamentunan-inovativo\/"},{"@type":"ListItem","position":3,"name":"Orad\u00f3nan"}]},{"@type":"WebSite","@id":"https:\/\/ser.cw\/#website","url":"https:\/\/ser.cw\/","name":"Sociaal Economische Raad Cura\u00e7ao","description":"adviesorgaan van de regering en het parlement van Cura\u00e7ao omtrent alle belangrijke onderwerpen van sociaal-economische aard","potentialAction":[{"@type":"SearchAction","target":{"@type":"EntryPoint","urlTemplate":"https:\/\/ser.cw\/?s={search_term_string}"},"query-input":{"@type":"PropertyValueSpecification","valueRequired":true,"valueName":"search_term_string"}}],"inLanguage":"pap-CW"}]}},"_links":{"self":[{"href":"https:\/\/ser.cw\/pap\/wp-json\/wp\/v2\/pages\/30186","targetHints":{"allow":["GET"]}}],"collection":[{"href":"https:\/\/ser.cw\/pap\/wp-json\/wp\/v2\/pages"}],"about":[{"href":"https:\/\/ser.cw\/pap\/wp-json\/wp\/v2\/types\/page"}],"author":[{"embeddable":true,"href":"https:\/\/ser.cw\/pap\/wp-json\/wp\/v2\/users\/215"}],"replies":[{"embeddable":true,"href":"https:\/\/ser.cw\/pap\/wp-json\/wp\/v2\/comments?post=30186"}],"version-history":[{"count":0,"href":"https:\/\/ser.cw\/pap\/wp-json\/wp\/v2\/pages\/30186\/revisions"}],"up":[{"embeddable":true,"href":"https:\/\/ser.cw\/pap\/wp-json\/wp\/v2\/pages\/30037"}],"wp:attachment":[{"href":"https:\/\/ser.cw\/pap\/wp-json\/wp\/v2\/media?parent=30186"}],"curies":[{"name":"wp","href":"https:\/\/api.w.org\/{rel}","templated":true}]}}